
Is 6 a factor of 1235902644?
True
Is 196748023 a multiple of 355?
False
Is 726 a factor of 50751030?
True
Is 3330658008 a multiple of 216?
True
Does 46 divide 90567169?
False
Is 194 a factor of 562690127?
False
Is 830393016 a multiple of 2686?
True
Does 15699 divide 147229504?
False
Is 6509871 a multiple of 9?
True
Is 151 a factor of 13811797?
False
Does 181 divide 723223510?
True
Is 3 a factor of 173948469?
True
Is 12998118 a multiple of 14?
True
Is 57560223 a multiple of 43?
False
Does 8 divide 319790875?
False
Is 8520503 a multiple of 98?
False
Is 105 a factor of 251900381?
False
Does 42 divide 16109730?
True
Is 132698281 a multiple of 342?
False
Does 9 divide 72578883?
False
Is 16363350 a multiple of 575?
True
Is 183 a factor of 343786163?
False
Is 72 a factor of 10591358?
False
Is 11811350 a multiple of 190?
True
Is 350 a factor of 14325850?
True
Is 1895825199 a multiple of 249?
False
Is 286 a factor of 5173774?
False
Does 770 divide 68725797?
False
Is 8 a factor of 12692651?
False
Is 3309 a factor of 343248214?
False
Does 916 divide 3070648039?
False
Is 16760884 a multiple of 19?
False
Is 666154077 a multiple of 6?
False
Is 31 a factor of 862432183?
True
Is 149 a factor of 1419301533?
False
Is 23 a factor of 100669252?
True
Is 4 a factor of 154901296?
True
Does 13 divide 1772274465?
True
Is 237288303 a multiple of 3716?
False
Is 259768878 a multiple of 2342?
False
Is 43 a factor of 41538602?
True
Is 3396 a factor of 881927616?
True
Is 15813808 a multiple of 376?
True
Does 17 divide 70127057?
True
Is 13882883 a multiple of 1799?
True
Is 22 a factor of 286390080?
False
Does 5 divide 133352353?
False
Is 6011 a factor of 1226803023?
True
Is 12769832 a multiple of 3?
False
Is 2356 a factor of 1661408792?
True
Does 62 divide 799187893?
False
Is 1528 a factor of 14817251?
False
Does 19 divide 181981540?
False
Is 93934218 a multiple of 5?
False
Is 78512304 a multiple of 24?
True
Is 227 a factor of 90642070?
False
Is 339311914 a multiple of 4649?
True
Does 180 divide 9557460?
True
Is 6 a factor of 99999940?
False
Does 165 divide 1689144059?
False
Is 121032625 a multiple of 2022?
False
Is 3199 a factor of 483853242?
False
Is 8250738 a multiple of 749?
False
Is 468544323 a multiple of 3?
True
Is 948926839 a multiple of 90?
False
Is 136896592 a multiple of 529?
False
Is 156658091 a multiple of 8?
False
Is 24 a factor of 225314640?
True
Does 9 divide 3468798?
True
Does 962 divide 255456105?
False
Is 5 a factor of 683665?
True
Does 4 divide 7904853?
False
Is 2170 a factor of 38087840?
True
Is 40044041 a multiple of 2089?
True
Is 23788800 a multiple of 256?
True
Is 46494110 a multiple of 278?
True
Does 113 divide 94350254?
True
Does 3678 divide 5339841774?
True
Is 515848907 a multiple of 386?
False
Does 111 divide 10941714?
True
Does 32 divide 45461072?
False
Does 1186 divide 146329866?
True
Does 1833 divide 731791377?
False
Is 30 a factor of 6186408?
False
Is 933817722 a multiple of 82?
True
Does 8 divide 231651799?
False
Does 31 divide 34596558?
True
Is 1574 a factor of 53693862?
True
Does 55 divide 368931000?
False
Does 113 divide 34858332?
False
Is 8 a factor of 20472753?
False
Is 23 a factor of 8268461843?
True
Is 8 a factor of 17605474?
False
Does 1113 divide 2368309293?
True
Does 26 divide 340559310?
True
Is 3548650 a multiple of 35?
True
Does 1457 divide 509355544?
True
Is 355668176 a multiple of 376?
True
Does 266 divide 297081805?
False
Is 978 a factor of 106477460?
False
Is 259 a factor of 3966326?
True
Is 21 a factor of 281602493?
False
Is 132621586 a multiple of 14?
False
Is 2849532 a multiple of 21?
True
Is 600656200 a multiple of 24?
False
Is 806279104 a multiple of 5638?
True
Does 483 divide 35230821?
False
Does 5 divide 63398556?
False
Does 63 divide 300332652?
False
Is 195814079 a multiple of 318?
False
Is 63316224 a multiple of 32?
True
Is 137 a factor of 317087459?
True
Is 48 a factor of 894277584?
True
Does 634 divide 827790342?
True
Does 2134 divide 1251313580?
True
Is 141 a factor of 172974072?
False
Is 299 a factor of 124066739?
False
Is 11294617 a multiple of 2209?
True
Is 332210909 a multiple of 3897?
False
Is 17312438 a multiple of 126?
False
Does 451 divide 8188356?
True
Is 13909499 a multiple of 9?
False
Does 10 divide 35090416?
False
Does 6 divide 400628958?
True
Is 230 a factor of 166448535?
False
Is 151551 a multiple of 4?
False
Is 149399316 a multiple of 18?
True
Is 37 a factor of 72630445?
True
Is 166 a factor of 20348021?
False
Is 17 a factor of 3006977?
True
Is 162713032 a multiple of 118?
True
Does 1741 divide 326359155?
True
Is 10516502 a multiple of 62?
True
Does 255 divide 981250118?
False
Is 28 a factor of 40495532?
True
Is 659378052 a multiple of 361?
True
Does 71 divide 2449003000?
True
Is 9582094 a multiple of 1471?
True
Is 668135189 a multiple of 337?
True
Is 979490024 a multiple of 27?
False
Does 7 divide 87384469?
False
Is 108 a factor of 6351882?
False
Is 10 a factor of 9196030?
True
Does 691 divide 319146642?
True
Is 50951520 a multiple of 15?
True
Is 659574278 a multiple of 4206?
False
Does 9 divide 2242261791?
True
Is 439 a factor of 6078833?
True
Is 424 a factor of 47665600?
False
Is 300564112 a multiple of 328?
True
Does 30 divide 3107447402?
False
Does 108 divide 53771080?
False
Is 64 a factor of 35587328?
True
Is 8487125 a multiple of 6?
False
Is 2894835 a multiple of 2?
False
Is 11 a factor of 223576793?
True
Does 8 divide 33098424?
True
Is 493 a factor of 62288525?
False
Is 115 a factor of 166924915?
True
Does 38 divide 6979618?
False
Does 805 divide 14088305?
True
Does 208 divide 1962766?
False
Does 148 divide 2495315060?
False
Is 129 a factor of 4804605?
True
Is 835 a factor of 70620005?
False
Is 65 a factor of 36298865?
False
Is 559979219 a multiple of 152?
False
Is 119484073 a multiple of 1697?
True
Is 34425563 a multiple of 113?
True
Is 34 a factor of 8722700?
True
Is 670 a factor of 1766461746?
False
Is 593968018 a multiple of 14?
True
Is 11150550 a multiple of 1278?
True
Does 33 divide 303137810?
False
Is 140318238 a multiple of 2142?
False
Is 909834 a multiple of 23?
True
Is 72071484 a multiple of 1524?
True
Is 19576952 a multiple of 8?
True
Does 312 divide 26821442?
False
Is 3152974 a multiple of 418?
True
Is 39179508 a multiple of 159?
True
Is 2026345857 a multiple of 15?
False
Is 245539060 a multiple of 26?
True
Is 45125877 a multiple of 27?
False
Does 24 divide 168019560?
True
Is 32 a factor of 263688638?
False
Is 15 a factor of 404847900?
True
Is 1183 a factor of 138164523?
False
Does 5 divide 63858765?
True
Is 4482 a factor of 584094240?
True
Is 216 a factor of 2506583145?
False
Is 9273160 a multiple of 20?
True
Does 14 divide 2870012?
False
Is 663570515 a multiple of 69?
False
Is 58086507 a multiple of 126?
False
Is 1911 a factor of 3434821?
False
Does 386 divide 26874092?
True
Is 301198010 a multiple of 2186?
True
Is 47077618 a multiple of 178?
True
Does 48 divide 31621440?
True
Is 450711693 a multiple of 10?
False
Is 264 a factor of 557966904?
True
Is 4 a factor of 79661152?
True
Does 1039 divide 80260672?
True
Is 29 a factor of 104973098?
True
Is 535094623 a multiple of 1683?
False
Is 1705217280 a multiple of 12?
True
Does 1389 divide 9185457?
True
Does 7 divide 17551017?
False
Does 204 divide 1053852621?
False
Does 44 divide 1151431142?
False
Is 1024 a factor of 12663319?
False
Is 19 a factor of 196633071?
True
Is 291 a factor of 49392885?
True
Does 952 divide 1134803040?
True
Is 9 a factor of 538256547?
True
Is 1350226 a multiple of 28?
False
Is 208 a factor of 628544592?
True
Is 40829612 a multiple of 50?
False
Is 199 a factor of 35108834?
False
Is 3469298935 a multiple of 43?
False
Is 56 a factor of 183315887?
False
Does 4746 divide 150780420?
True
Does 64 divide 84634151?
False
Is 40759655 a multiple of 28?
False
Does 21 divide 504374173?
False
Does 3 divide 55682549?
False
Is 248638158 a multiple of 102?
True
Does 11 divide 153978427?
False
Is 31902430 a multiple of 2485?
True
Is 63744561 a multiple of 24?
False
Is 642 a factor of 1747739712?
True
Is 513337960 a multiple of 20?
True
Is 252155421 a multiple of 51?
False
Does 1395 divide 4259027070?
True
Is 196370756 a multiple of 65?
False
Is 2119498 a multiple of 8?
False
Is 241116760 a multiple of 1685?
True
Is 1155